he prime factors of 898523.
898523
List the prime factors of 535984.
2, 139, 241
What are the prime factors of 5322598?
2, 17, 37, 4231
List the prime factors of 984706.
2, 109, 4517
What are the prime factors of 21352643?
13, 9719
What are the prime factors of 35254961?
7, 421, 1709
List the prime factors of 3340730.
2, 5, 37, 9029
List the prime factors of 139216.
2, 7, 11, 113
What are the prime factors of 560983?
17, 32999
List the prime factors of 397898.
2, 19, 37, 283
What are the prime factors of 250956?
2, 3, 6971
List the prime factors of 423353.
7, 197, 307
List the prime factors of 314463.
3, 37, 2833
What are the prime factors of 9787541?
179, 54679
What are the prime factors of 6890028?
2, 3, 574169
What are the prime factors of 3902139?
3, 433571
What are the prime factors of 3540439?
7, 505777
List the prime factors of 11595393.
3, 37, 53, 73
List the prime factors of 29276298.
2, 3, 1626461
List the prime factors of 114560.
2, 5, 179
List the prime factors of 9384310.
2, 5, 13, 37, 1951
List the prime factors of 187622.
2, 93811
List the prime factors of 55588.
2, 13, 1069
List the prime factors of 1186295.
5, 11, 21569
List the prime factors of 581378.
2, 7, 131, 317
What are the prime factors of 3659532?
2, 3, 304961
What are the prime factors of 55425?
3, 5, 739
What are the prime factors of 206938?
2, 107, 967
What are the prime factors of 315254?
2, 157627
What are the prime factors of 1036282?
2, 13, 39857
What are the prime factors of 689715?
3, 5, 13, 131
What are the prime factors of 2368?
2, 37
What are the prime factors of 1997514?
2, 3, 71, 521
What are the prime factors of 323337?
3, 7, 89, 173
List the prime factors of 389436.
2, 3, 17, 23, 83
What are the prime factors of 30741833?
73, 421121
List the prime factors of 2764493.
47, 131, 449
What are the prime factors of 98157?
3, 32719
List the prime factors of 1385828.
2, 67, 5171
List the prime factors of 377565.
3, 5, 25171
What are the prime factors of 8363581?
8363581
List the prime factors of 67556.
2, 16889
List the prime factors of 2870119.
7, 263, 1559
List the prime factors of 606617.
11, 55147
What are the prime factors of 20835532?
2, 1277, 4079
What are the prime factors of 311195?
5, 109, 571
What are the prime factors of 718926?
2, 3, 13, 709
What are the prime factors of 3737458?
2, 103, 18143
What are the prime factors of 12623608?
2, 701, 2251
What are the prime factors of 600108?
2, 3, 43, 1163
What are the prime factors of 3376213?
37, 91249
List the prime factors of 416892.
2, 3, 7, 709
List the prime factors of 2213407.
7, 316201
What are the prime factors of 93328?
2, 19, 307
What are the prime factors of 6611805?
3, 5, 349, 421
List the prime factors of 65462.
2, 71, 461
What are the prime factors of 2000922?
2, 3, 7, 11, 61, 71
What are the prime factors of 3766991?
557, 6763
List the prime factors of 346403.
23, 15061
What are the prime factors of 681712?
2, 137, 311
List the prime factors of 715497.
3, 238499
What are the prime factors of 980360?
2, 5, 24509
What are the prime factors of 28319293?
28319293
List the prime factors of 565564.
2, 31, 4561
What are the prime factors of 29897902?
2, 197, 75883
List the prime factors of 8014055.
5, 7, 17, 13469
List the prime factors of 241667.
241667
What are the prime factors of 14916088?
2, 11, 169501
What are the prime factors of 3542815?
5, 708563
What are the prime factors of 289856?
2, 7, 647
List the prime factors of 8246286.
2, 3, 109, 467
What are the prime factors of 403476?
2, 3, 33623
List the prime factors of 959753.
59, 16267
What are the prime factors of 289136?
2, 17, 1063
What are the prime factors of 838797?
3, 17, 16447
What are the prime factors of 685640?
2, 5, 61, 281
What are the prime factors of 29088379?
29088379
What are the prime factors of 1457289?
3, 161921
What are the prime factors of 4144636?
2, 101, 10259
What are the prime factors of 5389596?
2, 3, 149711
What are the prime factors of 818743?
59, 13877
List the prime factors of 77999.
77999
What are the prime factors of 3135795?
3, 5, 13, 1237
List the prime factors of 3186045.
3, 5, 101, 701
What are the prime factors of 685349?
7, 19, 5153
What are the prime factors of 317377?
23, 13799
List the prime factors of 794887.
794887
What are the prime factors of 4995966?
2, 3, 467, 1783
What are the prime factors of 387833?
389, 997
List the prime factors of 9817677.
3, 919, 1187
What are the prime factors of 16002786?
2, 3, 2667131
What are the prime factors of 655624?
2, 81953
List the prime factors of 4667233.
53, 107, 823
List the prime factors of 340093.
13, 26161
What are the prime factors of 13162485?
3, 5, 7, 67, 1871
List the prime factors of 536411.
47, 101, 113
What are the prime factors of 601840?
2, 5, 7523
What are the prime factors of 1739775?
3, 5, 23197
What are the prime factors of 245482?
2, 122741
List the prime factors of 21986243.
21986243
What are the prime factors of 474265?
5, 11, 8623
What are the prime factors of 5151486?
2, 3, 41, 43, 487
What are the prime factors of 3858430?
2, 5, 385843
What are the prime factors of 677022?
2, 3, 53, 2129
What are the prime factors of 225070?
2, 5, 71, 317
What are the prime factors of 165618?
2, 3, 3067
List the prime factors of 2862965.
5, 7, 81799
What are the prime factors of 1762136?
2, 19, 11593
List the prime factors of 6505753.
31, 59, 3557
What are the prime factors of 10059780?
2, 3, 5, 167663
List the prime factors of 2815356.
2, 3, 234613
What are the prime factors of 269457?
3, 89819
What are the prime factors of 29586?
2, 3, 4931
List the prime factors of 2684346.
2, 3, 7, 63913
List the prime factors of 4933438.
2, 239, 10321
List the prime factors of 229945.
5, 45989
What are the prime factors of 522989?
522989
What are the prime factors of 2993123?
7, 41, 10429
What are the prime factors of 1159860?
2, 3, 5, 13, 1487
What are the prime factors of 25909477?
11, 23, 102409
What are the prime factors of 485662?
2, 37, 6563
List the prime factors of 1251470.
2, 5, 11, 31, 367
What are the prime factors of 317047?
317047
List the prime factors of 49070.
2, 5, 7, 701
What are the prime factors of 11013714?
2, 3, 611873
What are the prime factors of 4392845?
5, 59, 14891
What are the prime factors of 15949050?
2, 3, 5, 13, 8179
List the prime factors of 569532.
2, 3, 31, 1531
List the prime factors of 122510.
2, 5, 12251
List the prime factors of 43960.
2, 5, 7, 157
What are the prime factors of 9390960?
2, 3, 5, 13043
List the prime factors of 15977666.
2, 29, 83, 3319
List the prime factors of 14210942.
2, 263, 27017
List the prime factors of 13360104.
2, 3, 185557
What are the prime factors of 133583?
133583
What are the prime factors of 4191221?
23, 149, 1223
List the prime factors of 927231.
3, 17, 18181
List the prime factors of 521897.
521897
List the prime factors of 907581.
3, 283, 1069
List the prime factors of 3267884.
2, 816971
What are the prime factors of 10175389?
7, 207661
What are the prime factors of 1279883?
11, 307, 379
List the prime factors of 8349773.
41, 203653
What are the prime factors of 473267?
37, 12791
What are the prime factors of 481011?
3, 223, 719
What are the prime factors of 2192931?
3, 13, 18743
List the prime factors of 8525119.
8525119
What are the prime factors of 367260?
2, 3, 5, 6121
What are the prime factors of 1535012?
2, 383753
List the prime factors of 85051.
17, 5003
What are the prime factors of 356146?
2, 7, 25439
List the prime factors of 843389.
53, 15913
What are the prime factors of 224765?
5, 44953
List the prime factors of 1712829.
3, 59, 9677
What are the prime factors of 6168076?
2, 17, 61, 1487
What are the prime factors of 3489464?
2, 11, 19, 2087
What are the prime factors of 9403?
9403
What are the prime factors of 18025?
5, 7, 103
List the prime factors of 3251858.
2, 73, 22273
List the prime factors of 25249896.
2, 3, 7, 17, 421
What are the prime factors of 200215?
5, 23, 1741
List the prime factors of 2924518.
2, 19, 76961
What are the prime factors of 60177?
3, 13, 1543
What are the prime factors of 4731276?
2, 3, 11, 73, 491
List the prime factors of 5088458.
2, 2544229
List the prime factors of 24205296.
2, 3, 31, 16267
What are the prime factors of 1292745?
3, 5, 86